11
Let l be 5/(-10)*(-3 - 1 - -2). What is the greatest common divisor of l and 16?
1
Let t be 6*(14/(-4))/(-7). Suppose -27 = -m - t. Calculate the greatest common divisor of 48 and m.
24
Let c = 3 - 3. Suppose -4*r + 4 + 16 = c. Calculate the greatest common factor of r and 55.
5
Let j(d) = -d**3 + d**2 + 2*d + 1. Let v be (0 - (-3 - -4))*1. Let l be j(v). What is the greatest common divisor of l and 5?
1
Suppose -4*f + 4 = -8, 3*a + 285 = 2*f. Suppose -b + 5*n - 54 = n, -3*b - 5*n - 179 = 0. Let w = b - a. What is the highest common factor of 14 and w?
7
Let u = 4 - 0. Suppose u*s - 152 = -4*j + 36, -2*s = 3*j - 89. What is the greatest common factor of s and 13?
13
Suppose -276 = 14*l - 17*l. What is the highest common factor of 69 and l?
23
Let d be 2*(-1*2)/4. Let x be d/(-2*(-1)/(-4)). Let a = 6 + x. Calculate the greatest common divisor of a and 24.
8
Let m be (3/(-4) - -1)*44. Let f = -8 - -4. Let t be 44*(-1 + (-6)/f). Calculate the greatest common factor of t and m.
11
Let p = 16 + -8. What is the highest common factor of 32 and p?
8
Let d be (4/6)/((-1)/84). Let l(v) = v**2 + 9*v - 8. Let f be l(-6). Let g = f - d. What is the highest common divisor of 6 and g?
6
Let r(j) = -8*j - 30. Let m be r(-9). Let q = -15 - -36. Calculate the highest common divisor of m and q.
21
Let q be ((-1)/(-2))/((-9)/162). Let i = -5 - q. Suppose -v + i = -6. What is the greatest common divisor of v and 20?
10
Suppose -4*z = 2*z - 108. Calculate the highest common factor of 4 and z.
2
Let o be (130/3)/((-12)/(-18)). Suppose 0 = -4*w + 2*y + 34, -o = -5*w - 3*y - 17. Let j be 19 - 1*(0 + 1). Calculate the highest common divisor of j and w.
9
Let t be 24/18*(1 + 8). Calculate the greatest common divisor of t and 48.
12
Suppose -35 = -5*m + 6*w - w, -2 = -2*m - 4*w. Let q = 8 + -3. Calculate the greatest common factor of q and m.
5
Suppose -3*f = f + 60. Let g = f - -36. Calculate the highest common divisor of g and 42.
21
Suppose -j + 29 = 3*t, 5*j - 37 = -t - 4. What is the highest common factor of t and 12?
4
Suppose 2 = 2*t + 18. Let y be (-16)/(-10)*(-20)/t. Suppose -11 = y*x - 39. What is the highest common divisor of 7 and x?
7
Suppose v - 5*p + 14 = 4*v, -3*p + 14 = -v. Let b be v/1*(-10)/4. What is the highest common factor of b and 10?
5
Let n be 3/(-1*(-2)/48). Let z = -38 - -46. What is the greatest common factor of n and z?
8
Let v(m) be the third derivative of 0 + 4*m**2 - 1/12*m**4 + 1/6*m**3 + 1/3*m**5 + 0*m. Let b be v(1). Calculate the highest common factor of b and 19.
19
Let a(p) = -p**3 + 4*p**2 - 3*p + 4. Let c be a(4). Let m be 1/(-2) - 4/c. Let u be -4*(m - 117/4). What is the highest common factor of u and 13?
13
Let z be (0 - 0)/3 + 7. Suppose -4*r + z*r = 15. Suppose -r*i + 61 = n, 5*i + n = 2*i + 35. What is the greatest common factor of i and 13?
13
Suppose 3*w - 6 - 3 = 0. Suppose -201 = k + 2*k. Let h = 94 + k. Calculate the highest common divisor of w and h.
3
Suppose 2*l = 6, 791 = 4*f + 7*l - 2*l. Suppose 5*k + 5*g - 3*g - f = 0, 2*k + 5*g - 65 = 0. Calculate the highest common divisor of k and 5.
5
Let g be 17/6 + 1/6. Suppose a = -5*v + 3*a + 16, 2*a = -6. Suppose 0 = v*i + 5*q, 3*i - 13 = -4*q + g*q. Calculate the highest common divisor of 2 and i.
1
Let a(k) = 6*k - 110. Let i be a(20). Let n be 15/4 - (-2)/8. What is the greatest common divisor of n and i?
2
Let h be 2/(-4) - 8/(-16). Suppose -q + 12 + h = 0. Let a be (-3)/q - 26/(-8). What is the greatest common divisor of 27 and a?
3
Let f = 99 + 89. Suppose f = 5*v + 53. Let u = 24 + -15. Calculate the greatest common divisor of v and u.
9
Let u be (-16)/(-56) + (-52)/(-14). Let y = u + 16. Calculate the greatest common factor of 8 and y.
4
Let i(m) = -29*m - 1. Let h be i(-1). Let k be (2/7)/(17/238). Suppose k*u = -5*d + 81, 2*u + 29 - 72 = -3*d. Calculate the highest common divisor of u and h.
14
Suppose 16 = 4*b + 3*n, 31 = b + 4*b + n. Let o = 164 + -94. Suppose y = -y + o. Calculate the greatest common factor of y and b.
7
Suppose -4*j + 0*j = -48. Let q = 0 - -36. What is the greatest common factor of q and j?
12
Let c = 52 - -58. Suppose -c + 20 = -3*v. Calculate the greatest common divisor of v and 120.
30
Let f be (-28)/7 - (-7 - -1). Suppose 0 = 5*h - i - 58, -5*i + f = 2*h - 32. Calculate the highest common factor of h and 30.
6
Let a(f) = -f - 2. Let x be a(-4). Suppose -45 = -5*y - 5*r, 4*y - x*r - 51 = -r. Let l be -2*534/(-36) + 6/18. Calculate the greatest common factor of y and l.
6
Let g(b) = b - 2. Let y be g(13). Calculate the greatest common factor of y and 55.
11
Let h be 1/(-2) + 59/2. Suppose 3*m = 227 - h. What is the greatest common factor of m and 6?
6
Let k(i) = 3*i + 4. Let o be k(3). Let z(q) = 6*q + 1. Let m be z(2). Calculate the highest common factor of o and m.
13
Suppose -5*v + 5*y = -130, 5*v = -3*y - 66 + 220. Let t = v - 9. Calculate the highest common factor of 30 and t.
10
Suppose i = -2*f + 264, -2*f - i - 2*i = -264. Calculate the greatest common divisor of 12 and f.
12
Suppose 0 = -p - 4 + 23. Let x = 26 - p. What is the highest common factor of 56 and x?
7
Let p = 51 - 1. Suppose 2*i = -3*i + 50. Calculate the greatest common factor of i and p.
10
Suppose -626 = -5*d + 364. Calculate the highest common divisor of d and 22.
22
Let q(m) = m**2 + m + 1. Let i(f) = -f + 5. Let o(y) = i(y) - q(y). Let p be o(-3). Let s = 2 + p. Calculate the highest common factor of 9 and s.
3
Let w(j) = -j**3 - 5*j**2 - 5*j - 2. Let g be w(-4). Let n = 11 - g. What is the greatest common divisor of n and 6?
3
Let v(x) = 3*x**2 + 4*x + 8. Let k(y) = -13*y**2 - 15*y - 32. Let n(j) = 2*k(j) + 9*v(j). Let o be n(7). Calculate the greatest common factor of o and 66.
33
Suppose 3*w = -2*w + 50. Suppose 422 = 8*p - 458. What is the highest common factor of w and p?
10
Let q(s) = 12*s - 3. Suppose 4 = 4*o + 4*b, 5*b = 5*o + b - 32. Let a be q(o). Let l = -26 + a. What is the greatest common divisor of 95 and l?
19
Let f be (4 - 3)*1*-37. Let h = f - -71. Let b = -23 + h. What is the highest common factor of 11 and b?
11
Let z be (0 + -1)*-11 - 0. Suppose 88 = 3*j + j. Suppose -b + 3*b - j = 0. Calculate the greatest common divisor of b and z.
11
Suppose -4*s - 3 = 13. Let u = 0 - s. Let g be 4*u + 1 + -2. What is the highest common factor of 10 and g?
5
Suppose -5*w = -82 - 93. Calculate the highest common factor of w and 35.
35
Let q = 449 - 233. Calculate the highest common factor of q and 27.
27
Suppose 15 + 29 = 2*b. Calculate the greatest common divisor of b and 2.
2
Suppose j = 68 + 12. Suppose -j = -b + 40. Calculate the greatest common factor of b and 15.
15
Let g = 60 - 31. Calculate the greatest common divisor of 232 and g.
29
Suppose 0 = -0*j + j. Let v(f) = -f**3 + 7. Let o be v(j). Let n(z) = 4*z - 3. Let l be n(o). What is the greatest common divisor of 5 and l?
5
Let h(u) = 87*u - 37. Let f be h(3). What is the highest common factor of f and 28?
28
Suppose 32 = 4*y - 3*y. Calculate the greatest common divisor of 224 and y.
32
Suppose 0*a - 4*w = a - 21, -3*a = -3*w - 108. What is the highest common divisor of a and 11?
11
Suppose -12*b - 216 = -15*b. What is the greatest common divisor of b and 8?
8
Let g(r) = 2*r - 6. Let s be g(5). What is the greatest common factor of 1 and s?
1
Let t(v) = 2*v**2. Let q be t(-1). Suppose 0*c + f + 27 = 5*c, q*f = 4*c - 18. Let d be (-6)/27 + 868/18. Calculate the greatest common divisor of d and c.
6
Suppose 5*y = 3*y. Suppose -4*i + 5*i = y. Suppose 2*z + 3*l + l = 88, 5*z + 2*l - 252 = i. What is the greatest common divisor of z and 130?
26
Let c(p) = -p**3 - 6*p - 4*p**2 - 10 - 3*p + 13*p**2. Let s be c(8). Let q = s - -28. Calculate the highest common factor of q and 25.
5
Suppose -n - 5*k = 2*n - 1078, 5*n + 3*k = 1770. Let p = n - 189. What is the highest common factor of 18 and p?
18
Let x be (-16)/(1 + -1 + -2). Calculate the greatest common factor of x and 56.
8
Suppose 0 = 3*l + 5*z - 50, -61 = -4*l + z - 2*z. Let r(s) = 2*s - 13. Let c be r(14). What is the highest common factor of l and c?
15
Suppose 10*b = 9*b + 26. Calculate the highest common factor of 65 and b.
13
Let z = -15 + 23. Calculate the greatest common divisor of 8 and z.
8
Let k(t) = t**3 - t + 3. Let n be (-3)/6 - 1